Let o = 69 - 14. Suppose -o = -3*y + 29. What is the units digit of 42/8 - (-21)/y?
6
Suppose -k = -0 + 4. Let q(b) = -b**3 - 3*b**2 + b - 6. Let h be q(k). Suppose 4*n - h*n = -104. What is the tens digit of n?
5
What is the hundreds digit of ((-2)/6)/((-5)/3390)?
2
Suppose 3*g = 2*g + 53. Let v(a) = -55*a + 31*a + g*a. What is the tens digit of v(1)?
2
Suppose 0 = 4*m + 4*v + 168, -m - 3*v - 42 = -0*v. Let l = m + 182. What is the units digit of l?
0
Let m be 6*((-5)/15 - -1). Suppose -m*o - 84 = -2*k, 2 + 0 = -2*o. What is the units digit of k?
0
Suppose 3*p - 8 = -5*n - 26, 0 = 3*n + 3*p + 12. Let h = n + 74. What is the units digit of h?
1
Let l be 2/((-3*2)/3). What is the hundreds digit of l/((-3)/9)*41?
1
Suppose -24 = -2*g - 2*g. Suppose -f = -2*l + 69, -g*l = -4*l + f - 67. What is the units digit of l?
4
Let i = 215 - -212. What is the hundreds digit of i?
4
Let d = 270 + -34. What is the units digit of d?
6
Suppose 6*k = -k + 1092. Suppose 2*a - 70 = 5*f, 5*a - 3*f - k = -0*a. What is the tens digit of a?
3
Suppose 2*x + 2*s - 117 = 167, -5*s - 750 = -5*x. What is the tens digit of x?
4
Let y be -1 + (21 - -2 - 0). Let r = y - -63. What is the units digit of r?
5
Let y be 15*-9*(-4)/(-30). What is the tens digit of (((-208)/(-6))/4)/((-4)/y)?
3
Let t(h) = 2*h**3 - 12*h**2 - 2*h - 41. What is the units digit of t(9)?
7
Suppose -5*j + 200 = -175. Suppose -j*o + 70*o + 505 = 0. What is the hundreds digit of o?
1
Suppose -11 = -4*z + 5. Let y(a) = a**3 - 2*a**2 + 2*a - 1. Let s be y(1). Let n = z + s. What is the units digit of n?
4
Let t be 2*219/(-5)*(-8 - -3). Suppose 4*q = -16, 5*s - t = 2*s - 3*q. What is the tens digit of s?
5
Suppose 2*g - 144 = 2. Let l = g + -61. What is the units digit of l?
2
Suppose 405 = -3*f + 60. Let o = f + 176. What is the tens digit of o?
6
Let o(l) = -3*l - 34. Let w = -14 - -17. Let t(a) = 2*a + 33. Let x(c) = w*o(c) + 4*t(c). What is the tens digit of x(11)?
1
Let p be 2/((-2)/(-4)*2). Suppose -p*r + 2*t - 22 = -6*r, -19 = 2*r - 5*t. Suppose -2*m - 4*s = -92, m + 5*s - 184 = -r*m. What is the units digit of m?
6
Suppose -3*b + 5 = 4*x - 2, 0 = 5*x - 5*b - 35. Suppose x*k + 1120 = 9*k. What is the hundreds digit of k?
2
Let s(l) be the first derivative of 10*l**3 - 3*l**2/2 + 6*l - 30. What is the hundreds digit of s(3)?
2
Let p = -38 + 63. Suppose 3*q = p + 14. What is the units digit of q?
3
Suppose -315086 = -53*u - 40599. What is the units digit of u?
9
Let k(h) = -h**3 + 9*h**2 + 12*h + 6. Let r be k(10). Let b be 28/(-6)*(-819)/r. Suppose 27 = -4*d + b. What is the units digit of d?
0
Let o(r) = 4*r**3 + 11*r**2 - r - 10. Let g(l) = -5*l**3 - 12*l**2 + 10. Let f(c) = -5*g(c) - 6*o(c). What is the tens digit of f(6)?
4
Suppose -r + 2*r - 15 = -3*u, 5*u = 3*r + 25. Suppose -5*z + 17 = -4*i, -2*i - z + 9 + 0 = r. What is the units digit of i?
2
Let b(a) = -124*a**3 - 4*a**2 - 2*a - 1. Let x be b(-2). Suppose 385 = -3*r - 2*l + x, 0 = 2*r - 3*l - 396. What is the units digit of r?
8
Let i be (1/2)/((-6)/144). Let o be (-5)/20 + 165/i. What is the units digit of 4/o + 256/14?
8
Let q(j) = 9*j + 209. What is the units digit of q(-9)?
8
Let q = -35 + 70. Let t be (q/20)/7*0. Let h(k) = 2*k + 3. What is the units digit of h(t)?
3
Let a be (5 + -26)*4/(-3). Suppose -117 = -4*t + 3*z, -3*t - 4*z + 66 + a = 0. Suppose -2*j + 220 = 5*l + t, 2*l + 4*j = 60. What is the units digit of l?
0
Suppose 53 + 1452 = 5*g. What is the hundreds digit of g?
3
What is the hundreds digit of (15 - 16)/((-2)/376)?
1
Let o(p) = 173*p + 10. What is the hundreds digit of o(2)?
3
Let c = -378 - -1835. What is the units digit of c?
7
Let r = 3221 + -1853. What is the thousands digit of r?
1
Suppose u + u + 5*w - 655 = 0, -4*u + 3*w = -1245. Suppose -5*y + 492 = m, 2*m - u = -4*y + 81. What is the tens digit of y?
9
Let g(m) be the third derivative of -m**6/120 - m**5/15 + m**4/8 + 2*m**3/3 - 23*m**2. Suppose p + 1 = -1, -21 = 3*w + 3*p. What is the tens digit of g(w)?
1
Suppose 40796 = 382*g - 351*g. What is the thousands digit of g?
1
Suppose -2*g - 10 = -7*g. What is the units digit of ((-55)/11)/(g/(-14))?
5
Let j(r) = r**3 + 7*r**2 - 4*r. Let s be j(-3). Let x = s - 26. What is the units digit of x?
2
Suppose -3*q + 0*m + 2*m - 18 = 0, 5*q + 30 = 4*m. Let x(y) = -5*y + 2. What is the units digit of x(q)?
2
What is the units digit of (1051*(-1)/(-3))/(4/12)?
1
Let s = 61 - 64. Let r = s + 29. What is the tens digit of r?
2
Let o = 6 - 4. Suppose 0 = -r - o*i + 51, -5*i + 3 + 60 = r. What is the tens digit of r?
4
Suppose -d + 5*p - 5 = 0, -5*d + 65 = 5*p - 0*p. Let t = d - 25. What is the tens digit of (-3)/t + (-445)/(-25)?
1
Let m(z) = 6*z**2 - 1. Let s be m(1). Suppose s*a - 1008 = -108. Suppose 5*l = -5*b + a, 2*b - l = -3*b + 162. What is the tens digit of b?
3
Let j(c) = -c + 10. Let i be j(10). Suppose 4*m + m = i. Suppose m = -t + 51 - 12. What is the tens digit of t?
3
What is the hundreds digit of 1634/(5 - (-150)/(-14) - -6)?
7
Let i(z) = -5*z - 8 - z + z + 3*z. Let o be i(-5). Suppose 0 = 2*a - a - o. What is the units digit of a?
2
Let g = -361 - -546. What is the hundreds digit of g?
1
Let w(l) = 2*l**3 + 3*l**2 - 28*l - 10. What is the units digit of w(6)?
2
Let o be ((0 - 2) + 2)*14/(-56). Suppose o = 5*d + 4*v - 929, 5*d + 339 = 3*v + 1261. What is the units digit of d?
5
Suppose -c + 0 = 12. Let g be 125/3 - 4/c. Let d = -25 + g. What is the units digit of d?
7
Let i(p) = 18*p**2 - 11*p + 35. What is the hundreds digit of i(9)?
3
Let y = 493 - 332. Suppose 47 + y = 4*f. What is the units digit of f?
2
What is the tens digit of -7 + -2 + (60 - -3034)?
8
Let s(c) = -3*c + 38. Let l be s(14). What is the hundreds digit of l*(-24)/32*226/6?
1
Let n(b) = -b**3 + 5*b**2 + 5*b - 10. Let a be n(6). What is the tens digit of 4/a - 0 - 699/(-12)?
5
Suppose -7*m + 6 = -5*m - 3*k, -10 = -4*m + 5*k. Suppose 4*p - 3*f - 22 - 14 = 0, 2*p + 2*f = 32. Suppose m + p = v. What is the tens digit of v?
1
Suppose 5*f = -6*c + 4*c - 15, -4*c - 3*f + 5 = 0. Suppose -4*d - 78 = -y - c*d, 3*d = 2*y - 141. Suppose 0*o + y = 5*o. What is the tens digit of o?
1
Suppose 2*k - 3*k = 6. Let v be (k/(-9))/((-4)/(-6)). Let t = v - -14. What is the units digit of t?
5
Suppose 0*k + k = -d - 9, 0 = -2*k + 3*d - 33. Let l(c) = -c**3 + 4*c**2 - 4*c - 4. Let z be l(2). Let w = z - k. What is the units digit of w?
8
Let t = 216 - 143. Let a be (46*-3)/((-6)/3). Suppose 2*w + f - a = -0*f, -2*w + 3*f + t = 0. What is the tens digit of w?
3
Let o(g) = -g + 13. Let q(y) = -y**3 + y**2 + 3*y - 2. Let v be 14/42 - (-10)/6. Let j be q(v). What is the tens digit of o(j)?
1
Let h(d) be the second derivative of d**5/10 + d**4/4 + 7*d**2 + 27*d. What is the units digit of h(4)?
0
Let w = -6 + 6. Let o(k) be the third derivative of k**6/120 + k**5/60 + 65*k**3/6 + 3*k**2 - 9. What is the tens digit of o(w)?
6
Let b = 560 - 369. What is the tens digit of b?
9
What is the hundreds digit of 711/(-2)*(-24)/18?
4
Suppose -405 = -11*i - 16*i. What is the units digit of i?
5
Let h(q) = 4*q**3 + 7*q**2 - 85*q - 5. What is the tens digit of h(11)?
3
Let i(v) be the second derivative of 1/2*v**3 - 1/20*v**5 + 5*v - 5/2*v**2 + 5/6*v**4 + 0. What is the units digit of i(10)?
5
Let v(r) = r**3 + 72*r**2 - 189*r - 185. What is the thousands digit of v(-74)?
2
Suppose -18*v + 76353 = 13*v. What is the units digit of v?
3
Let m = 1453 - 779. What is the units digit of m?
4
Let l = -95 + 59. What is the tens digit of 8/l + 5865/27?
1
Suppose -3*a + 3*n - 3 = 0, -2*n + 0*n - 2 = -a. Let o = 21 - a. What is the tens digit of o?
2
Let z be 2 + 0/3 + 3. Suppose -4*o - 3*d - 70 = -z*o, o - d - 68 = 0. What is the tens digit of o?
6
Suppose 2*y - 1733 = 5*x, 5*x + 411 - 4761 = -5*y. What is the tens digit of y?
6
Let m be (-1 + 2)*(143/1 - 1). Suppose -210 = -8*n + m. What is the tens digit of n?
4
Let x = -19 + 23. Suppose -x = -v, 3*u - v = -2*v + 61. What is the units digit of u?
9
Let j(k) = -k**3 - k**2 - 3*k - 4. Let z be j(-2). Suppose -10*y + 248 = -z*y. What is the tens digit of y?
6
Let b(g) = 1029*g + 15. What is the hundreds digit of b(1)?
0
Suppose 491 = -6*v + 1385. What is the hundreds digit of v?
1
Let r(v) = -14*v**3 - v. Let i be (-1)/(-3) - 23/(-3). Let t